2 (base 3) to base 14.
622175
383579 (base 16) to base 8
16032571
Convert 173409 (base 11) to base 6.
5424504
Convert -bde8 (base 15) to base 8.
-116514
-354860 (base 11) to base 7
-4532400
What is -1008974 (base 10) in base 11?
-62a06a
Convert 12462536 (base 8) to base 12.
b1baa6
Convert -120100100112 (base 3) to base 2.
-1001001101111101111
Convert -3222012031 (base 4) to base 16.
-ea18d
Convert 578851 (base 9) to base 6.
11241414
What is -271152 (base 8) in base 14?
-267b4
Convert 42904 (base 10) to base 11.
2a264
What is 313d5 (base 15) in base 11?
a7332
4035435 (base 7) to base 15
97226
-2633067 (base 9) to base 7
-15142435
Convert 311a195 (base 11) to base 12.
1a15172
Convert -1100110111100001101010 (base 2) to base 5.
-1330420122
Convert 90332c (base 13) to base 12.
1155b45
What is -11625363 (base 8) in base 12?
-a39583
Convert -10343021 (base 6) to base 9.
-521014
What is 43200430 (base 5) in base 10?
365740
Convert 3bb86 (base 12) to base 16.
143d6
6292623 (base 11) to base 15
e8ee00
What is -145279 (base 11) in base 2?
-110111010100100110
100010110111000100100 (base 2) to base 15
1786dd
Convert -214335 (base 8) to base 6.
-1312513
-472a78 (base 11) to base 15
-ec633
-503600 (base 14) to base 10
-2698528
What is -1052325 (base 6) in base 2?
-1101000110111101
Convert -34114230 (base 8) to base 5.
-3342112341
What is -202022002020 (base 3) in base 12?
-173280
Convert 105558a (base 13) to base 12.
1802a1a
What is -47120 (base 11) in base 10?
-68024
What is 324545531 (base 6) in base 10?
5830687
What is 130013302120 (base 4) in base 16?
707c98
What is 79827 (base 10) in base 5?
10023302
Convert 45435 (base 9) to base 16.
7625
What is -110111111100111011100 (base 2) in base 8?
-6774734
1021100120 (base 3) to base 10
25044
-32a3b (base 14) to base 9
-206337
1354122 (base 8) to base 11
241885
-145222202 (base 7) to base 11
-5516607
Convert -1dc991 (base 16) to base 14.
-38b5cd
Convert 11302110133 (base 4) to base 14.
2b6ad1
-a6101 (base 11) to base 2
-100101101110010110
Convert -11100001111110001110 (base 2) to base 16.
-e1f8e
-7134701 (base 9) to base 5
-1433133203
Convert 677281 (base 9) to base 12.
176847
Convert 100011121212 (base 3) to base 16.
2c126
Convert 958ae3 (base 15) to base 13.
1622529
-b193 (base 15) to base 2
-1001001001110000
-20130011 (base 4) to base 5
-2101230
Convert 39055 (base 12) to base 13.
29567
Convert -1c9544 (base 13) to base 11.
-461a99
What is -2333031223 (base 4) in base 13?
-215650
58259 (base 13) to base 2
100111010000011001
What is 45753a (base 11) in base 6?
23331250
-ad2d1 (base 15) to base 10
-550771
-6706523 (base 8) to base 4
-12320311103
Convert -3434531 (base 6) to base 4.
-222332113
-627 (base 15) to base 8
-2553
-20a61e (base 15) to base 10
-1553879
Convert 323232230 (base 4) to base 2.
111011101110101100
What is 3ab209a (base 13) in base 5?
14214341144
What is 20020001122022 (base 3) in base 16?
3279a4
What is -3548b (base 13) in base 8?
-276263
Convert 31244023 (base 6) to base 7.
10501314
-220211132 (base 5) to base 7
-11012524
What is 43331442 (base 5) in base 11?
233707
Convert 2022020200 (base 3) to base 16.
b142
-10232221320 (base 4) to base 14
-243ac0
10011212212112 (base 3) to base 10
1690457
What is 363c74 (base 16) in base 9?
6616665
Convert 847bb (base 12) to base 16.
2a77f
What is 201021111200102 (base 3) in base 9?
21244612
-12231310 (base 4) to base 16
-6b74
1140104221 (base 5) to base 14
4d3516
What is -3302144 (base 6) in base 7?
-1251346
Convert -1428451 (base 9) to base 13.
-217276
Convert -11535531 (base 6) to base 3.
-200211102101
Convert 54666 (base 11) to base 7.
450163
Convert -28269c (base 16) to base 10.
-2631324
Convert 1b25310 (base 12) to base 4.
112001211330
Convert 1014436 (base 7) to base 12.
5a491
342767 (base 8) to base 9
186367
Convert 549406 (base 12) to base 10.
1343238
What is 96386 (base 13) in base 11?
175546
Convert 12441141000 (base 5) to base 2.
111011011000110101111010
Convert -2020201211011 (base 3) to base 9.
-2221734
Convert 3932 (base 13) to base 6.
101425
What is -1261981 (base 10) in base 13?
-352546
47c592 (base 14) to base 5
1112013434
-675750 (base 11) to base 6
-35023034
What is 61a22 (base 13) in base 6?
3431253
-3224314 (base 8) to base 11
-539a41
Convert 397a3 (base 16) to base 3.
102221221112
What is 616b68 (base 12) in base 10?
1525760
966238 (base 13) to base 7
41655355
What is 8330330 (base 10) in base 9?
16606052
2407f (base 16) to base 8
440177
Convert -1005093 (base 10) to base 8.
-3653045
Convert 11561 (base 15) to base 2.
1101011110110000
What is 18298a (base 13) in base 5?
123341220
6158460 (base 11) to base 7
161302005
-50363 (base 9) to base 11
-22966
What is c57 (base 15) in base 12?
173a
What is 5ee62a (base 15) in base 14?
867a09
24020054 (base 7) to base 11
121a757
What is 92176 (base 10) in base 6?
1550424
What is 21133c5 (base 14) in base 4?
323223122101
Convert -2042312114 (base 5) to base 7.
-51132440
What is 56b0e (base 15) in base 7?
2226161
What is 2243aa4 (base 11) in base 4?
32333100101
Convert -3230262 (base 7) to base 8.
-1401262
4450315 (base 6) to base 7
1623005
Convert 30104150 (base 7) to base 10.
2488892
Convert -6da2 (base 16) to base 14.
-a32a
-1133734 (base 8) to base 9
-521138
What is 31141132 (base 5) in base 9?
428783
Convert 1405444 (base 6) to base 8.
232244
What is 665da (base 16) in base 10?
419290
What is 2419d (base 15) in base 10?
115123
What is -10001100122 (base 3) in base 14?
-17c46
30895 (base 15) to base 9
253885
What is -47035 (base 9) in base 12?
-161ab
What is 270010 (base 9) in base 13?
59880
What is -67014 (base 13) in base 14?
-4c0c2
Convert 3020040 (base 6) to base 12.
6a620
What is 402152 (base 7) in base 12?
33428
Convert 10790 (base 13) to base 10.
29861
What is 15070940 (base 10) in base 6?
1255004512
120511053 (base 7) to base 2
11100100110101111010000
-434398 (base 14) to base 15
-30007c
Convert 16b55 (base 12) to base 14.
bd17
What is -13100121121 (base 4) in base 16?
-1d0659
What is -2231020121 (base 5) in base 15?
-678526
What is -a7c49 (base 13) in base 10?
-303078
-247151 (base 11) to base 9
-654171
Convert 2563561 (base 8) to base 12.
2a5669
What is 6102540 (base 10) in base 3?
102111001010000
Convert -447476 (base 10) to base 7.
-3542411
What is -57732172 (base 8) in base 12?
-425a70a
-21221114 (base 5) to base 8
-536516
126687 (base 14) to base 7
5242530
315005225 (base 6) to base 14
a47ab7
Convert 1120001010 (base 3) to base 4.
13132320
What is 1222423 (base 8) in base 14?
8ac39
212031312 (base 4) to base 11
a7674
Convert -23300232032 (base 4) to base 15.
-40d7d5
Convert 31010333 (base 4) to base 11.
37278
Convert -11000000001011110 (base 2) to base 15.
-1e24d
Convert 7318077 (base 9) to base 3.
21100122002121
Convert 1424423342 (base 5) to base 3.
21001110002221
Convert -46b952 (base 15) to base 3.
-20100202010212
30222300 (base 5) to base 7
2026060
-40020342 (base 7) to base 10
-3299151
What is -7d57 (base 14) in base 6?
-245025
Convert 23046 (base 7) to base 6.
43053
Convert -111000001110111101110111 (base 2) to base 6.
-1243543023
Convert -211121212 (base 4) to base 3.
-21210010201
What is -9192 (base 16) in base 2?
-1001000110010010
-7047646 (base 8) to base 6
-103433450
Convert 2af56 (base 16) to base 2.
101010111101010110
What is -80070 (base 9) in base 12?
-264b3
300304214 (base 5) to base 15
185274
What is -88604 (base 14) in base 15?
-67daa
23121210 (base 4) to base 5
2443232
-34404151 (base 7) to base 5
-1232304120
-6b53aa (base 12) to base 9
-3226454
Convert -10211102 (base 6) to base 5.
-34001123
What is 31203201 (base 5) in base 9?
431075
What is 11100011011011010 (base 2) in base 14?
30614
Convert 1166234 (base 8) to base 15.
65946
2341013 (base 6) to base 3
20012102100
What is -51835 (base 15) in base 13?
-90791
Convert 10963 (base 14) to base 12.
1b377
-1101033301 (base 5) to base 10
-2361701
-73363 (base 9) to base 6
-1012050
Convert 4024508 (base 9) to base 16.
20b007
What is 231b7 (base 15) in base 12?
54824
Convert -1d789 (base 14) to base 10.
-75581
-2992473 (base 11) to base 10
-5127576
What is 296968 (base 12) in base 3?
1022100202222
Convert -210312333 (base 4) to base 10.
-150975
320221124 (base 5) to base 8
5060755
What is -47435 (base 9) i